27, p*t - 18 = -5*l. Is t composite?
False
Is (-5)/((1 + 0)/(-3)) prime?
False
Let a(h) = -4*h**2 + 3*h - 3. Let d be a(2). Let j = -8 - d. Suppose -j*n + 44 = -121. Is n prime?
False
Let k = 2580 + -1828. Suppose 2*y = -2*y + k. Suppose 3*d = -p + 31, -5*p + 4*d + y = -p. Is p prime?
True
Suppose 3*h - 6 = -0*h. Is (0/h - -2) + 31 a prime number?
False
Suppose -177 - 123 = -3*h. Suppose 0 = p + 4*d - 10, -p - 12 = -4*p - 3*d. Suppose 2*c = y + 136, 4*c = -p*y + 364 - h. Is c prime?
True
Suppose -45*a + 14425 = -40*a. Is a composite?
True
Let l be (2/4)/((-4)/16). Is (-173)/(-5) + l/(-5) prime?
False
Is -1258*2*(-4)/16 a prime number?
False
Let z = 464 + -285. Is z composite?
False
Let d(t) = -2*t**2 - 46*t + 9. Is d(-19) a composite number?
True
Let c be 3/(-6)*-4 + -1. Let n = c - 1. Suppose n = 4*k + y - 0*y - 55, -3*k + y = -50. Is k prime?
False
Let u = -10 + 1. Let d(l) = -l + 12. Is d(u) a prime number?
False
Let c(j) = 3*j**2 + 7*j - 17. Is c(-12) composite?
False
Let c be (-2 - -2) + (-1 - -1). Suppose c = -3*f + 10 + 2. Is f a composite number?
True
Suppose f + 3*m - 492 = -98, -3*f = -m - 1212. Is f prime?
False
Let h(u) = 4*u**2 + 9*u + 8. Is h(-17) a prime number?
False
Suppose -10*z + 844 = -8*z. Is z composite?
True
Let n(o) = -1749*o - 1. Is n(-4) prime?
False
Let n = 127 - -22. Is n prime?
True
Let a = -5 + -5. Let x be (5/a)/((-1)/32). Let t = x - 5. Is t prime?
True
Let y(z) = z + 1. Let o(u) = -u**2 + 4*u - 28. Let v(i) = -o(i) + 3*y(i). Is v(0) prime?
True
Let s(w) be the second derivative of 887*w**4/12 - w**3/6 - w**2/2 + 5*w. Is s(-1) composite?
False
Suppose -2 - 2 = -4*t. Let c(a) = 19*a. Is c(t) composite?
False
Let k be ((-69)/(-1) - 0) + 1. Suppose -s = -178 + k. Let b = -73 + s. Is b composite?
True
Is -471*(-2 - 5/(-3)) prime?
True
Suppose -2*g = g - 12. Suppose -19 - 128 = -o + g*z, z = 3*o - 430. Is o a prime number?
False
Let s(j) = j**3 - 2*j**2 + 5*j - 3. Let m = -8 + 12. Is s(m) a composite number?
True
Suppose -364 = -4*b - 4*n, 0 = -0*b + 3*b - 4*n - 294. Let z = 49 - b. Let p = -26 - z. Is p prime?
True
Let z(a) = 73*a**2 - 3*a + 4. Let m be z(3). Suppose -3*l - m = -7*l. Is l a prime number?
True
Let m = -2736 - -4889. Is m a composite number?
False
Suppose r - 14 = 2*r + 3*o, -2*r = 5*o + 31. Suppose -f + 4*w + 54 = -0*f, -4*f + 3*w = -177. Let h = r + f. Is h a prime number?
True
Is (4 + -5)/(2 + 2997/(-1497)) a prime number?
True
Suppose 0 = 4*t - 4*r + 4, -t = -0*r + r - 7. Suppose -461 = -t*o + 5*x, 5*x = -o + 51 + 116. Is o a composite number?
False
Let y be (-2)/((-4)/6) - -666. Suppose -l + y = 2*l. Is l a prime number?
True
Let v(r) = -26*r - 2. Let l(f) = f**2 + 4*f - 2. Let n be l(-4). Let t be v(n). Let b = 129 - t. Is b a prime number?
True
Suppose -21 = 3*y + 3*j, 0 = 3*y + 4*j + 19 + 7. Let m(b) = -11*b - 1. Is m(y) a composite number?
True
Let d = -10 + 23. Let b = 66 - d. Is b a prime number?
True
Let v(j) = -14*j - 17. Let t = -21 - -13. Is v(t) a prime number?
False
Suppose 2*q + 3 = -m, 4*m = 5*q - q - 12. Suppose 2*s - 6*s + 24 = q. Is s composite?
True
Suppose 120 = 2*n + 3*n. Suppose -3*k + n = k. Let i(y) = y. Is i(k) a composite number?
True
Suppose 4*j - 965 = -17. Suppose -5*q - 178 = -4*v, q + j = 5*v + 2*q. Suppose v + 8 = i. Is i composite?
True
Suppose -2*l = -5*l + 357. Let q = l - 37. Is q a prime number?
False
Let p = 29 - -176. Let t = 388 - p. Is t a prime number?
False
Suppose 3*h = 7*h + 2*a - 314, -2*a = -5*h + 397. Is h prime?
True
Let m = 342 + -88. Is m composite?
True
Let x = 9 - 7. Let o(j) = 22*j**2 + 0*j + 1 - 6 + x*j + 2. Is o(2) composite?
False
Suppose -4*g + 56 = -2*j - 50, -4*g + 96 = -4*j. Let i = g + 2. Is i a prime number?
True
Suppose -3*z - 8 + 434 = 0. Suppose -84 = -5*i - 4*h + 201, -i + h = -57. Let p = z - i. Is p a prime number?
False
Let v = -1625 + 1123. Is (v/3)/(10/(-15)) a prime number?
True
Let z = -1029 + 1612. Is z composite?
True
Let d = -2 - -5. Suppose d*h + 2*h - 199 = 3*g, -2*h - 5*g = -61. Suppose -k - k = -h. Is k a composite number?
False
Let u be 4/8*20/2. Suppose -u*a + 3115 = -0*a. Is a a prime number?
False
Let n = 0 - 0. Let m(c) = -c**3 + 4*c**2 + 7*c - 6. Let q be m(5). Is (q + n)*(-38)/(-8) prime?
True
Let g be 13/3 + 3/(-9). Suppose -c - c + g*p + 118 = 0, 3*c - 187 = 4*p. Is c prime?
False
Let o(f) = f**3 - 3*f**2 + 2*f - 11. Is o(5) a composite number?
True
Suppose -3*s + 0*s + 861 = 0. Is s a prime number?
False
Let f(b) = 182*b**2 + 3*b + 4. Is f(3) prime?
False
Suppose -5*t = -3*q - 0*q - 1064, 0 = 4*t - 5*q - 859. Is t a composite number?
False
Let v(f) = -f**2 - 6*f - 5. Is v(-4) a composite number?
False
Suppose -5*s - 4*r - 32 = -338, -r - 1 = 0. Is s composite?
True
Suppose -178 = 2*s + 338. Let w = -145 - s. Is w a prime number?
True
Let r(z) be the first derivative of z**4/4 + 2*z**3 - 5*z**2/2 - 8*z + 1. Let u be r(-6). Suppose c - u = -8. Is c prime?
False
Suppose 2*g - 94 = -2*u + 114, 0 = 2*u - 6. Let c = g - 55. Is c composite?
True
Let b(i) = -3*i - 11. Is b(-18) composite?
False
Suppose 7*w - 4860 = 8755. Is w composite?
True
Suppose -3*h + d = -20, 27 = 5*h - 5*d - 23. Suppose 5*n = h*p + 280, 110 = 2*n - 0*n - p. Suppose -3*m + 5*a = -n, -4*m - 3*a = 14 - 115. Is m a prime number?
True
Suppose -1782 = -5*p + 7723. Is p a prime number?
True
Let j = -16 + 8. Let k be 982/j - (-3)/(-12). Let h = k + 200. Is h a composite number?
True
Let i(d) be the second derivative of 2*d**3/3 - 9*d**2/2 - d. Is i(6) a prime number?
False
Let g = 107 + -170. Let i = 278 - g. Is i composite?
True
Suppose -3*h + 260 + 187 = 0. Is h prime?
True
Suppose 4*z - 17 - 63 = 0. Is (-1 + z)/((-8)/(-24)) a composite number?
True
Suppose -1094 = -4*f - 2*b, 4*f - 3*b = -8*b + 1109. Is f a composite number?
False
Let d = -8 - -18. Let z be 15/9 - (-1)/3. Suppose j + d = z*j. Is j a composite number?
True
Let w(s) = -s**3 + 5*s**2 + 6*s. Let g be w(5). Let j(i) = i - 1. Let n be j(1). Suppose -g = -n*r - 3*r. Is r composite?
True
Is (514/(-4))/(1/(-2)) composite?
False
Let q(t) = t - 5. Let g be q(5). Suppose g = 3*p + p - 248. Is p composite?
True
Let h be 6*((-2)/(-3) - 0). Let a be (-10)/h*(2 - 0). Is (a/(-15))/((-2)/(-294)) a composite number?
True
Suppose 0*q = 4*q. Suppose 2*r = -q*r - 3*a + 415, 2*r + 5*a - 413 = 0. Is r a prime number?
False
Suppose -3248 = -3*i + f, -3*i + 3*f + 2*f + 3256 = 0. Is i a composite number?
True
Is -4 + 177*130/6 a composite number?
True
Let i be (2/(-4))/((-5)/50). Suppose -2*w + i*n + 1054 = 0, -w + 535 = n + 22. Is w prime?
False
Suppose f + 11 + 3 = 0. Let x be (-1)/(-2)*f/(-1). Is 320/x + 12/42 a prime number?
False
Let z(n) = n**3 + n**2 - 7*n + 2. Let p(y) = y**2 - y. Let c(s) = -6*p(s) + z(s). Let m = 13 + -6. Is c(m) a composite number?
True
Suppose 2*z + 2 + 10 = 0. Let x = -8 - z. Is ((-58)/4 + x)*-2 a composite number?
True
Suppose -9*z + 7*z = -322. Is z composite?
True
Suppose -780 + 3968 = 4*p. Is p a composite number?
False
Let r(q) be the third derivative of q**4/12 + q**3/2 + 4*q**2. Is r(6) prime?
False
Let k(m) = -m**3 - 4*m**2 + 3*m + 11. Is k(-6) prime?
False
Let x be ((-363)/6)/((-1)/2). Suppose 39 + x = 2*d. Suppose -2*v + 10 = 0, -3*h - v + d = -18. Is h composite?
False
Let r be ((1 - 2) + 1)*1. Suppose -2*p - p + 6 = r. Suppose 0 = p*q - q - 5*o - 27, -2*o - 70 = -2*q. Is q a composite number?
False
Let c(o) = 2*o - 7*o - 6*o + 0*o. Is c(-2) prime?
False
Suppose -9 = -4*s - l + 4*l, -s + l + 3 = 0. Suppose s = 4*i - 1251 - 233. Is i a prime number?
False
Let j(h) = h**2 - 13*h + 7. Is j(-12) a composite number?
False
Let i be 99/21 + (-8)/(-28). Suppose -l - 1275 = -i*u - 5*l, 5*u + 5*l - 1280 = 0. Is u prime?
True
Suppose -5*o - y + 3*y + 435 = 0, 0 = -3*o + 5*y + 280. Is o a prime number?
False
Suppose 62 = 2*b - 6. Let o be (-342)/15 + (-2)/10. Let x = o + b. Is x a composite number?
False
Is (-1371)/(-15)*(-2 - -7) a composite number?
False
Let x be (1/(-4))/((-10)/(-40)). Let v = x + 7. Is v a prime number?
False
Let a(z) = -4*z**2 + 6*z - 4. Let k be a(4). Let t = 0 + k. Let p = 7 - t. Is p a prime number?
False
Let k be (1 + 1)*1 + 2. Let z(y) = -y**2 + 6*y - 2. Is z(k) a prime number?
False
Let r be 282/18 + 4/(-6). Is -291*(r/9 - 2) prime?
True
Let s = 